 number?
True
Is 9865310621 prime?
True
Is 62505341 a composite number?
False
Is 920238779 a prime number?
True
Is 1153812397 composite?
True
Is 1847005603 prime?
False
Is 122291573 a composite number?
False
Is 3947745961 a prime number?
True
Is 52171350863 prime?
False
Is 2331563035 prime?
False
Is 45994756273 composite?
False
Is 210758049707 prime?
True
Is 1940633771 a prime number?
False
Is 743981781 a prime number?
False
Is 125035842179 a prime number?
True
Is 912860939 a composite number?
True
Is 3531863723 a composite number?
True
Is 4385318893 a composite number?
False
Is 3379088527 prime?
False
Is 2236127794 composite?
True
Is 120828762919 a prime number?
True
Is 95079654673 composite?
True
Is 1768548086 composite?
True
Is 11881011083 a prime number?
False
Is 138613345814 a composite number?
True
Is 26431409731 a composite number?
True
Is 122520050659 prime?
False
Is 2938550191 a composite number?
True
Is 75638668081 a prime number?
False
Is 1964444387 a composite number?
False
Is 1876413197 composite?
False
Is 953388463 composite?
True
Is 4414182293 a composite number?
False
Is 3890824853 a prime number?
False
Is 35166557711 a prime number?
True
Is 3944024437 a prime number?
True
Is 2881003577 a composite number?
False
Is 468663277 prime?
False
Is 1980580454 a composite number?
True
Is 129003785851 a prime number?
False
Is 17182569727 prime?
False
Is 214872113 composite?
True
Is 1464711394 prime?
False
Is 1602739571 prime?
True
Is 908396053 prime?
False
Is 74839388419 a composite number?
True
Is 55602907439 a prime number?
False
Is 134789066735 composite?
True
Is 3644097173 a composite number?
False
Is 20731874318 prime?
False
Is 2109515659 prime?
True
Is 1143823753 composite?
True
Is 120511705 composite?
True
Is 2854762151 prime?
True
Is 8745880283 a prime number?
False
Is 459230977 prime?
True
Is 26762135863 a prime number?
True
Is 6001811381 a prime number?
True
Is 2191681783 composite?
False
Is 3257088113 a composite number?
True
Is 906152869 a prime number?
False
Is 1666818437 a prime number?
True
Is 7043199047 composite?
True
Is 430020457 a composite number?
True
Is 7984574471 a composite number?
False
Is 4112531569 prime?
True
Is 1574860513 composite?
True
Is 133534073 composite?
True
Is 1165762919 prime?
True
Is 11355325531 prime?
False
Is 10341909173 a composite number?
True
Is 32283865247 a prime number?
True
Is 1438569917 composite?
False
Is 5752971827 prime?
True
Is 16613818393 a prime number?
True
Is 450078823 a prime number?
False
Is 140222300873 a prime number?
True
Is 19619448881 prime?
True
Is 2076613841 prime?
True
Is 1091090309 composite?
True
Is 8691094003 prime?
True
Is 351650629 a composite number?
True
Is 31090790039 composite?
False
Is 36350767003 a composite number?
True
Is 49959966041 a prime number?
False
Is 2070702727 prime?
False
Is 21256674841 prime?
True
Is 24862661 a prime number?
False
Is 5824773931 composite?
True
Is 1961708989 composite?
True
Is 6021302897 prime?
False
Is 84049131 composite?
True
Is 14270308798 composite?
True
Is 293808455 a prime number?
False
Is 49099637 composite?
False
Is 1228293197 a prime number?
False
Is 17095731793 a prime number?
False
Is 6526841833 a prime number?
True
Is 14009537 prime?
False
Is 853026809 prime?
True
Is 6437753141 a composite number?
False
Is 17988026593 prime?
True
Is 1851780179 composite?
True
Is 10210725919 a composite number?
True
Is 3167879027 prime?
True
Is 9591761759 prime?
True
Is 11233284791 prime?
True
Is 24679758097 composite?
False
Is 16426897471 composite?
False
Is 5273483569 a prime number?
False
Is 1199606953 a prime number?
False
Is 55837667 prime?
False
Is 1345821591 a composite number?
True
Is 11285426773 prime?
True
Is 298634383 a composite number?
True
Is 2764745693 prime?
True
Is 1399223279 a prime number?
False
Is 2824570547 a prime number?
False
Is 5259372081 composite?
True
Is 1486868081 a composite number?
True
Is 83222786077 composite?
False
Is 19164760243 a composite number?
False
Is 55541224507 composite?
True
Is 39918312767 a composite number?
True
Is 548188051 a composite number?
False
Is 5259236434 a composite number?
True
Is 7573676717 a composite number?
True
Is 108615706271 prime?
False
Is 348676983997 composite?
False
Is 4847507062 composite?
True
Is 4265352907 composite?
False
Is 10669548091 a prime number?
True
Is 7834880561 a composite number?
True
Is 86345179301 a composite number?
False
Is 3085027271 a composite number?
False
Is 875992543 a prime number?
True
Is 14015340011 composite?
False
Is 10405002287 composite?
False
Is 35697159803 composite?
True
Is 4668754967 composite?
True
Is 250356629 a prime number?
False
Is 175752193 a prime number?
False
Is 260043239 a composite number?
False
Is 609083029 a prime number?
False
Is 953213669 composite?
False
Is 1938154705 a prime number?
False
Is 5797869521 prime?
True
Is 425704179 prime?
False
Is 4921001143 composite?
False
Is 6964749551 composite?
True
Is 8490425299 a composite number?
False
Is 42380682297 composite?
True
Is 7777398827 a prime number?
False
Is 487716641 a prime number?
True
Is 9126893521 a composite number?
True
Is 356569673 prime?
False
Is 27241609 prime?
True
Is 478217459 prime?
False
Is 820720591 a prime number?
False
Is 452512432389 composite?
True
Is 205867421 a composite number?
False
Is 935170183 a prime number?
False
Is 4725006413 a prime number?
True
Is 420919777 a prime number?
False
Is 20053861811 a composite number?
False
Is 44990586811 a prime number?
True
Is 1702431421 prime?
False
Is 92739388451 prime?
False
Is 28063587847 prime?
False
Is 7495531913 a composite number?
False
Is 5526658349 a prime number?
False
Is 198667631 composite?
True
Is 12640653581 composite?
False
Is 543299359 prime?
False
Is 14447228089 a composite number?
True
Is 1232375959 composite?
False
Is 47414537 composite?
False
Is 1447195231 a prime number?
False
Is 137416198001 a prime number?
True
Is 833751839 composite?
False
Is 203607015217 a prime number?
False
Is 13840849067 composite?
True
Is 15519636047 a composite number?
False
Is 15627758569 a composite number?
False
Is 2990826679 prime?
False
Is 2971869991 prime?
False
Is 3832983317 prime?
False
Is 36768249907 a prime number?
True
Is 31823005769 a prime number?
False
Is 2777549449 prime?
False
Is 2042368567 a composite number?
True
Is 9857160161 a prime number?
False
Is 216732603 a prime number?
False
Is 623517383 a composite number?
True
Is 629388101 a prime number?
True
Is 6904808423 prime?
True
Is 23958423089 a composite number?
True
Is 905536663 a composite number?
False
Is 1972796911 a prime number?
True
Is 2078326351 a prime number?
False
Is 116404649 prime?
True
Is 42818268211 a prime number?
False
Is 6654621377 composite?
True
Is 2289210353 a composite number?
False
Is 671200951 prime?
True
Is 620814869 a prime number?
False
Is 10740256403 composite?
False
Is 5176445903 a prime number?
True
Is 4467886823 a prime number?
False
Is 87461056939 prime?
False
Is 9135857 a composite number?
False
Is 71311162551 composite?
True
Is 2745258557 composite?
False
Is 3058844699 a composite number?
True
Is 135519341 prime?
False
Is 1620510401 a prime number?
False
Is 38425357735 composite?
True
Is 467828897 prime?
False
Is 2092851521 a prime number?
False
Is 589294553 prime?
False
Is 3420064943 prime?
True
Is 51114881 a composite number?
True
Is 10717586053 a prime number?
True
Is 2504008201 a composite number?
True
Is 259235341 composite?
False
Is 8361015479 composite?
True
Is 73026157 a prime number?
False
Is 925366283 a prime number?
False
Is 13338469799 prime?
False
Is 374027699 a composite number?
False
Is 5008028917 a composite number?
False
Is 29249651101 prime?
False
Is 74695617554 a prime number?
False
Is 2325247135 prime?
False
Is 728571073 composite?
True
Is 20304919079 a composite number?
False
Is 2666288369 prime?
True
Is 5378113661 composite?
False
Is 402512963 a prime number?
True
Is 537517303 a prime number?
False
Is 5575649887 composite?
True
Is 210944681 composite?
True
Is 1726463183 a prime number?
False
Is 28222444249 a composite number?
False
Is 16081444943 prime?
True
Is 1006325591 composite?
True
Is 10876005017 composite?
True
Is 830988517 a composite number?
False
Is 315417631 prime?
True
Is